 prime factors of 136040428?
2, 34010107
List the prime factors of 578676068.
2, 149, 479, 2027
List the prime factors of 361782959.
361782959
What are the prime factors of 66835164?
2, 3, 11, 506327
List the prime factors of 222693575.
5, 13, 89, 7699
What are the prime factors of 265378421?
7, 11, 3446473
List the prime factors of 31068206.
2, 13, 101, 11831
What are the prime factors of 20615156?
2, 1697, 3037
List the prime factors of 41025244.
2, 13, 788947
List the prime factors of 67245199.
7, 19, 72229
What are the prime factors of 2264596671?
3, 569, 1326653
List the prime factors of 5576831070.
2, 3, 5, 41, 4534009
List the prime factors of 2114129094.
2, 3, 7, 11, 61, 75017
List the prime factors of 16282456.
2, 29, 70183
What are the prime factors of 86644310?
2, 5, 8664431
List the prime factors of 386336060.
2, 5, 11, 23, 631
What are the prime factors of 34331181?
3, 11443727
What are the prime factors of 1089203657?
67, 443, 36697
What are the prime factors of 266625551?
266625551
What are the prime factors of 52098975?
3, 5, 231551
List the prime factors of 4201365090.
2, 3, 5, 13, 293, 36767
What are the prime factors of 1059519102?
2, 3, 176586517
What are the prime factors of 1029474561?
3, 199, 1724413
What are the prime factors of 264574257?
3, 88191419
What are the prime factors of 348969546?
2, 3, 167, 12899
What are the prime factors of 1977901522?
2, 988950761
List the prime factors of 534081037.
7, 10899613
What are the prime factors of 18570575?
5, 127, 5849
List the prime factors of 332681304.
2, 3, 499, 27779
List the prime factors of 56973756.
2, 3, 7, 61, 11119
List the prime factors of 3067999904.
2, 95874997
What are the prime factors of 1613938897?
1613938897
List the prime factors of 3405188041.
36341, 93701
What are the prime factors of 1581307979?
991, 1595669
List the prime factors of 288406747.
673, 428539
List the prime factors of 47685100.
2, 5, 476851
List the prime factors of 2770809698.
2, 29, 31, 1541051
List the prime factors of 80117193.
3, 13, 67, 30661
List the prime factors of 56663445.
3, 5, 467, 8089
What are the prime factors of 243945920?
2, 5, 17, 44843
What are the prime factors of 361068549?
3, 43, 2798981
What are the prime factors of 1233182302?
2, 11, 67, 836623
List the prime factors of 695789693.
127, 1181, 4639
What are the prime factors of 190238935?
5, 38047787
What are the prime factors of 1487527?
1487527
List the prime factors of 7378851369.
3, 1187, 2072129
What are the prime factors of 88504472?
2, 7, 1580437
List the prime factors of 5468379.
3, 7, 260399
What are the prime factors of 313003779?
3, 11, 17, 73, 7643
What are the prime factors of 40874822?
2, 257, 281, 283
What are the prime factors of 115570702?
2, 13, 4445027
List the prime factors of 489889460.
2, 5, 29, 47, 17971
List the prime factors of 63663207.
3, 29, 731761
What are the prime factors of 344330636?
2, 13, 2281, 2903
List the prime factors of 4404946962.
2, 3, 13, 59, 957181
List the prime factors of 160343071.
7, 19, 257, 4691
List the prime factors of 120445130.
2, 5, 13, 211, 4391
What are the prime factors of 4853785879?
197, 271, 90917
What are the prime factors of 61083431?
17, 67, 53629
List the prime factors of 10903001.
17, 53, 12101
List the prime factors of 593428367.
7, 17, 631, 1129
List the prime factors of 326657618.
2, 7, 17, 196073
What are the prime factors of 122389737?
3, 229, 178151
List the prime factors of 66379560.
2, 3, 5, 13, 17, 2503
What are the prime factors of 2560296296?
2, 73, 769, 5701
What are the prime factors of 245260195?
5, 6763, 7253
What are the prime factors of 34864595?
5, 263, 26513
List the prime factors of 340796116.
2, 1103, 77243
What are the prime factors of 120229797?
3, 17, 1493, 1579
List the prime factors of 74412306.
2, 3, 1117, 3701
What are the prime factors of 65594598?
2, 3, 10932433
List the prime factors of 99205597.
99205597
List the prime factors of 44151486.
2, 3, 7358581
What are the prime factors of 282999839?
282999839
What are the prime factors of 71011479?
3, 7, 11, 307409
List the prime factors of 57511960.
2, 5, 11, 23, 5683
List the prime factors of 631461342.
2, 3, 105243557
List the prime factors of 797027224.
2, 7, 59, 149, 1619
What are the prime factors of 199400412?
2, 3, 17, 59, 16567
List the prime factors of 149946230.
2, 5, 7, 1367, 1567
What are the prime factors of 248335030?
2, 5, 193, 223, 577
What are the prime factors of 2239432058?
2, 139, 8055511
What are the prime factors of 335014114?
2, 167507057
List the prime factors of 63337963.
13, 19, 149, 1721
What are the prime factors of 676170214?
2, 19, 17793953
What are the prime factors of 33403096?
2, 17, 79, 3109
What are the prime factors of 48512211?
3, 11, 1470067
List the prime factors of 442455294.
2, 3, 17, 43, 281, 359
List the prime factors of 27515933.
19, 1448207
List the prime factors of 118893912.
2, 3, 67, 73939
What are the prime factors of 188175639?
3, 19, 47, 70241
What are the prime factors of 183343450?
2, 5, 109, 33641
What are the prime factors of 188040168?
2, 3, 2611669
What are the prime factors of 589300131?
3, 7, 191, 146921
What are the prime factors of 2530092782?
2, 7, 19, 23, 37, 11177
List the prime factors of 308783588.
2, 191, 404167
What are the prime factors of 32523012?
2, 3, 23, 13093
What are the prime factors of 87914230?
2, 5, 8791423
What are the prime factors of 3148999349?
43, 73232543
List the prime factors of 350881067.
350881067
What are the prime factors of 28453053?
3, 17, 557903
List the prime factors of 2878438816.
2, 11, 8177383
List the prime factors of 4486904811.
3, 4813, 103583
What are the prime factors of 17653756?
2, 31, 142369
What are the prime factors of 194186324?
2, 2213, 21937
What are the prime factors of 10250040?
2, 3, 5, 229, 373
List the prime factors of 18302475.
3, 5, 244033
What are the prime factors of 377268800?
2, 5, 235793
What are the prime factors of 4375221849?
3, 486135761
List the prime factors of 177593631.
3, 61, 970457
What are the prime factors of 569278003?
7, 151, 538579
What are the prime factors of 11770729?
1373, 8573
List the prime factors of 3519302372.
2, 879825593
What are the prime factors of 226132935?
3, 5, 7, 2153647
List the prime factors of 63991461.
3, 21330487
List the prime factors of 37816236.
2, 3, 1050451
List the prime factors of 1235053456.
2, 7, 13, 848251
What are the prime factors of 593621020?
2, 5, 43, 107, 6451
List the prime factors of 229899723.
3, 443, 172987
List the prime factors of 4046985637.
2657, 1523141
What are the prime factors of 6066814397?
7, 23, 947, 39791
What are the prime factors of 1045412174?
2, 53, 9862379
List the prime factors of 76287218.
2, 7, 31, 25111
List the prime factors of 1435608416.
2, 11, 607, 6719
What are the prime factors of 1259979947?
389, 3239023
What are the prime factors of 168696969?
3, 7, 599, 13411
List the prime factors of 193431961.
193431961
List the prime factors of 70620726.
2, 3, 11, 1070011
What are the prime factors of 159813668?
2, 7, 17, 335743
What are the prime factors of 48362762?
2, 7, 3454483
List the prime factors of 1311245638.
2, 655622819
List the prime factors of 528407397.
3, 7, 37, 397, 571
List the prime factors of 139770982.
2, 13, 5375807
List the prime factors of 84743923.
11, 700363
List the prime factors of 137702173.
7, 23, 855293
List the prime factors of 451429841.
15139, 29819
List the prime factors of 2930477187.
3, 11, 17, 1637, 3191
What are the prime factors of 322333428?
2, 3, 26861119
What are the prime factors of 431325864?
2, 3, 1996879
What are the prime factors of 44423561?
7, 13, 488171
What are the prime factors of 45793674?
2, 3, 282677
What are the prime factors of 68151495?
3, 5, 103, 44111
List the prime factors of 21650978.
2, 10825489
List the prime factors of 1622059773.
3, 19, 28457189
What are the prime factors of 90296499?
3, 317, 94949
List the prime factors of 267799128.
2, 3, 11158297
List the prime factors of 36482910.
2, 3, 5, 191, 6367
List the prime factors of 288232629.
3, 223, 430841
What are the prime factors of 156888618?
2, 3, 26148103
What are the prime factors of 1152366487?
1152366487
What are the prime factors of 12543019?
173, 72503
